t the prime factors of 3924.
2, 3, 109
List the prime factors of 1314.
2, 3, 73
What are the prime factors of 3418?
2, 1709
What are the prime factors of 2505?
3, 5, 167
What are the prime factors of 151207?
7, 21601
List the prime factors of 797.
797
What are the prime factors of 2777?
2777
What are the prime factors of 1684?
2, 421
What are the prime factors of 14764?
2, 3691
List the prime factors of 11898.
2, 3, 661
List the prime factors of 1843.
19, 97
List the prime factors of 1296.
2, 3
What are the prime factors of 1141?
7, 163
List the prime factors of 3647.
7, 521
List the prime factors of 52325.
5, 7, 13, 23
What are the prime factors of 13332?
2, 3, 11, 101
What are the prime factors of 2029?
2029
List the prime factors of 8634.
2, 3, 1439
List the prime factors of 4032.
2, 3, 7
List the prime factors of 403.
13, 31
What are the prime factors of 12168?
2, 3, 13
List the prime factors of 1324.
2, 331
What are the prime factors of 2422?
2, 7, 173
What are the prime factors of 3488?
2, 109
What are the prime factors of 965?
5, 193
List the prime factors of 107280.
2, 3, 5, 149
What are the prime factors of 4796?
2, 11, 109
What are the prime factors of 23360?
2, 5, 73
List the prime factors of 3640.
2, 5, 7, 13
List the prime factors of 167817.
3, 13, 331
List the prime factors of 5574.
2, 3, 929
What are the prime factors of 738?
2, 3, 41
List the prime factors of 762.
2, 3, 127
What are the prime factors of 23899?
23899
List the prime factors of 93691.
13, 7207
List the prime factors of 132.
2, 3, 11
What are the prime factors of 115666?
2, 151, 383
What are the prime factors of 22757?
7, 3251
What are the prime factors of 4909?
4909
List the prime factors of 52963.
52963
What are the prime factors of 3054?
2, 3, 509
What are the prime factors of 149837?
149837
What are the prime factors of 158?
2, 79
What are the prime factors of 166605?
3, 5, 29, 383
List the prime factors of 1921.
17, 113
What are the prime factors of 1893?
3, 631
List the prime factors of 57.
3, 19
List the prime factors of 84.
2, 3, 7
What are the prime factors of 68549?
13, 5273
List the prime factors of 62680.
2, 5, 1567
What are the prime factors of 1742?
2, 13, 67
List the prime factors of 47369.
7, 67, 101
List the prime factors of 15393.
3, 7, 733
What are the prime factors of 1522?
2, 761
List the prime factors of 141.
3, 47
What are the prime factors of 11243?
11243
What are the prime factors of 11888?
2, 743
List the prime factors of 89540.
2, 5, 11, 37
List the prime factors of 10345.
5, 2069
List the prime factors of 144366.
2, 3, 24061
What are the prime factors of 148132?
2, 29, 1277
What are the prime factors of 22898?
2, 107
List the prime factors of 5077.
5077
What are the prime factors of 14477?
31, 467
List the prime factors of 28243.
61, 463
What are the prime factors of 1972?
2, 17, 29
What are the prime factors of 105699?
3, 11, 3203
List the prime factors of 2989.
7, 61
List the prime factors of 504.
2, 3, 7
List the prime factors of 531.
3, 59
List the prime factors of 613.
613
What are the prime factors of 10556?
2, 7, 13, 29
List the prime factors of 1256.
2, 157
List the prime factors of 10491.
3, 13, 269
List the prime factors of 1306.
2, 653
List the prime factors of 14142.
2, 3, 2357
List the prime factors of 336.
2, 3, 7
List the prime factors of 86428.
2, 17, 31, 41
What are the prime factors of 11884?
2, 2971
What are the prime factors of 2019?
3, 673
List the prime factors of 105.
3, 5, 7
List the prime factors of 255.
3, 5, 17
List the prime factors of 125.
5
What are the prime factors of 305?
5, 61
What are the prime factors of 2777?
2777
What are the prime factors of 12050?
2, 5, 241
List the prime factors of 13696.
2, 107
What are the prime factors of 246?
2, 3, 41
What are the prime factors of 31490?
2, 5, 47, 67
What are the prime factors of 7033?
13, 541
List the prime factors of 1656.
2, 3, 23
What are the prime factors of 489?
3, 163
List the prime factors of 202.
2, 101
List the prime factors of 241.
241
What are the prime factors of 849?
3, 283
What are the prime factors of 1198?
2, 599
What are the prime factors of 132899?
13, 10223
List the prime factors of 181.
181
List the prime factors of 41024.
2, 641
List the prime factors of 311.
311
List the prime factors of 63158.
2, 23, 1373
What are the prime factors of 2195?
5, 439
What are the prime factors of 11318?
2, 5659
What are the prime factors of 5843?
5843
List the prime factors of 2918.
2, 1459
List the prime factors of 296.
2, 37
List the prime factors of 30687.
3, 53, 193
List the prime factors of 7294.
2, 7, 521
What are the prime factors of 15337?
7, 313
List the prime factors of 3687.
3, 1229
What are the prime factors of 239?
239
What are the prime factors of 8769?
3, 37, 79
List the prime factors of 1690.
2, 5, 13
What are the prime factors of 12240?
2, 3, 5, 17
What are the prime factors of 1951?
1951
List the prime factors of 23293.
23293
List the prime factors of 2202.
2, 3, 367
What are the prime factors of 2869?
19, 151
What are the prime factors of 31390?
2, 5, 43, 73
List the prime factors of 3594.
2, 3, 599
What are the prime factors of 4744?
2, 593
List the prime factors of 31860.
2, 3, 5, 59
List the prime factors of 24735.
3, 5, 17, 97
List the prime factors of 11078.
2, 29, 191
What are the prime factors of 68789?
7, 31, 317
List the prime factors of 45538.
2, 22769
List the prime factors of 1687.
7, 241
List the prime factors of 22899.
3, 17, 449
List the prime factors of 1707.
3, 569
What are the prime factors of 24262?
2, 7, 1733
What are the prime factors of 8823?
3, 17, 173
What are the prime factors of 6475?
5, 7, 37
What are the prime factors of 106601?
11, 881
What are the prime factors of 4753?
7, 97
What are the prime factors of 165778?
2, 82889
List the prime factors of 12911.
12911
List the prime factors of 3315.
3, 5, 13, 17
What are the prime factors of 27902?
2, 7, 1993
List the prime factors of 1612.
2, 13, 31
What are the prime factors of 13478?
2, 23, 293
What are the prime factors of 737?
11, 67
What are the prime factors of 8930?
2, 5, 19, 47
List the prime factors of 950.
2, 5, 19
List the prime factors of 65659.
11, 47, 127
List the prime factors of 10239.
3, 3413
What are the prime factors of 1560?
2, 3, 5, 13
List the prime factors of 138983.
13, 10691
List the prime factors of 58431.
3, 19477
What are the prime factors of 6666?
2, 3, 11, 101
List the prime factors of 1344.
2, 3, 7
What are the prime factors of 249?
3, 83
What are the prime factors of 21772?
2, 5443
What are the prime factors of 10094?
2, 7, 103
What are the prime factors of 676?
2, 13
What are the prime factors of 13269?
3, 4423
What are the prime factors of 21856?
2, 683
What are the prime factors of 2085?
3, 5, 139
What are the prime factors of 21050?
2, 5, 421
List the prime factors of 5899.
17, 347
List the prime factors of 11940.
2, 3, 5, 199
What are the prime factors of 858?
2, 3, 11, 13
What are the prime factors of 45063?
3, 1669
List the prime factors of 241.
241
List the prime factors of 18171.
3, 673
List the prime factors of 67034.
2, 11, 277
List the prime factors of 2015.
5, 13, 31
List the prime factors of 3515.
5, 19, 37
List the prime factors of 47443.
11, 19, 227
List the prime factors of 31901.
19, 23, 73
What are the prime factors of 731?
17, 43
What are the prime factors of 1426?
2, 23, 31
What are the prime factors of 6821?
19, 359
List the prime factors of 43539.
3, 23, 631
List the prime factors of 320.
2, 5
List the prime factors of 5195.
5, 1039
List the prime factors of 3506.
2, 1753
List the prime factors of 186.
2, 3, 31
List the prime factors of 3349.
17, 197
What are the prime factors of 11582?
2, 5791
List the prime factors of 34918.
2, 13, 17, 79
List the prime factors of 33728.
2, 17, 31
What are the prime factors of 3504?
2, 3, 73
What are the prime factors of 2375?
5, 19
List the prime factors of 94468.
2, 11, 19, 113
What are the prime factors of 1325?
5, 53
List the prime factors of 1040.
2, 5, 13
List the prime factors of 14.
2, 7
List the prime factors of 1665.
3, 5, 37
List the prime factors of 2681.
7, 383
List the prime factors of 5667.
3, 1889
List the prime factors of 1293.
3, 431
List the prime fact